4
Let z(b) = 14*b**2 + 1. Let s be z(1). Suppose 3*f - 21 + s = 0. Calculate the remainder when 3 is divided by f.
1
Let s(d) = -4*d - 1. Suppose -k - 4*r - 23 = r, -6 = 2*r. Let f = 16 - 0. What is the remainder when s(k) is divided by f?
15
Calculate the remainder when 2*(-1)/10 - (-6034)/70 is divided by 36.
14
Suppose -2*a + 3*x - x + 114 = 0, -4*a - 5*x = -273. Calculate the remainder when a is divided by 5 + -9 + (-5)/((-15)/51).
10
Let s(m) = 4*m**2 + 2*m + 9. Let p be s(-4). What is the remainder when 50 is divided by 1095/p - (-2)/13?
16
Let o = 9 + -7. Suppose -18 = -o*x + 10. Suppose 0 = 2*m + 21 - 33. What is the remainder when x is divided by m?
2
Let x(d) = -161*d + 180. Calculate the remainder when 83 is divided by x(1).
7
Suppose 2*s + 2*w = 48, 5*w = -4*s - 0*w + 100. Suppose 15*c - 56 + 11 = 0. Suppose c*v - s = -v. What is the remainder when 19 is divided by v?
4
Calculate the remainder when 181/2 - (-210)/84 is divided by 92.
1
Suppose -148 = -3*i - v, -2*i - v - 16 + 113 = 0. Calculate the remainder when 352 is divided by i.
46
Let p(y) = y**2 - 14*y + 14. Let a be p(13). Suppose d - 7 = -a. Suppose -l = -3*l + m + 50, 76 = 4*l + 4*m. What is the remainder when l is divided by d?
5
Let i = -12 - -15. Suppose 2 = 2*r - i*r. Calculate the remainder when 18 is divided by ((-2)/(-4))/(r/(-40)).
8
Suppose 0 = 2*i - a + 24 - 90, 0 = -5*i - 2*a + 165. What is the remainder when 356 is divided by i?
26
Suppose 423 = 8*m - 9. Suppose 6*g - m = 4*g + 2*y, 3*y = -3*g + 87. Calculate the remainder when g is divided by 4.
0
Let q = 1994 - 1953. Suppose -3*j = 6 + 54. Let s = -6 - j. What is the remainder when q is divided by s?
13
Suppose 59 = 3*j + 5*g, 5*j + 3*g + 0*g - 77 = 0. Suppose 4*h + 5*x = 266, 3*x = -3*h + 70 + 128. Calculate the remainder when h is divided by j.
12
Let g = 39 + -45. What is the remainder when 12 is divided by g/12 - 30/(-4)?
5
Let j(o) = -o + 45. What is the remainder when 157 is divided by j(25)?
17
Suppose 32 = 5*t - 53. Let m = t - 21. Let z(q) = -q**3 - 3*q**2 + q - 4. Calculate the remainder when 31 is divided by z(m).
7
Suppose -40*w = 17*w - 14820. Calculate the remainder when w is divided by 6.
2
What is the remainder when 3/(-7) - (121020/(-42) - 16) is divided by 46?
45
Suppose 15 = 5*q, -4*s + 13*q = 18*q - 115. Calculate the remainder when s is divided by 23.
2
Let i(u) = 3*u - 27. Let j be i(10). Suppose -3*a = -2*m - 41, -j*a + 4*m = 9*m - 34. Calculate the remainder when 50 is divided by a.
11
Suppose -12*t + 2489 = 7*t. Let r(k) = 15*k**2 + k + 3. Calculate the remainder when t is divided by r(-1).
12
What is the remainder when 1/(-2) + (-9980)/(-40) is divided by 23?
19
Let s = 54 + 67. Suppose -4*i - 2*r = -106, 3*r = 4*i + 8*r - s. Calculate the remainder when 71 is divided by i.
23
Let y(v) = v**2 + 13*v + 10. Let h be y(-10). Suppose 0*j - 5*n = -3*j + 60, 12 = -4*n. Calculate the remainder when 56/5*h/(-8) is divided by j.
13
Let t be (-4)/(-42) - 115/105. Suppose -12 = -5*j + 8. What is the remainder when (-880)/(-48) - t/(-3) is divided by j?
2
Suppose -151 = -5*j - 51. Calculate the remainder when 86 is divided by (-21 + 12)/((-2)/j*3).
26
Suppose 12*q - 10*q - 180 = 0. Calculate the remainder when q is divided by (713/(-92))/((-2)/8).
28
Let g be (-72)/5*((-8)/(-12) + -4). Suppose -5*k = -g - 17. Calculate the remainder when 36 is divided by k.
10
Suppose 1 = -6*l + 121. Suppose 0 = 3*q + 2*q - l. Suppose -q*a + 24 = -4. Calculate the remainder when 13 is divided by a.
6
Let o = 23 - 21. Suppose 4*y - 94 = v - 2*v, o*y = -v + 84. What is the remainder when v is divided by 13?
9
Suppose -y + 61 = q, -5*q - 7*y + 3*y = -306. Suppose 0 = 60*x - q*x + 64. Calculate the remainder when 54 is divided by x.
22
Let k = -3 - -21. Suppose 14 = 4*a + t, 4*a + 6*t - k = 3*t. What is the remainder when 27 is divided by a?
0
Suppose 0 = -5*f + 4*c + 500, 11 = -f + 4*c + 111. Let i = 5 + -2. Suppose i*v = v + f. What is the remainder when v is divided by 17?
16
Let a be (7 - (-4 - -2)) + -4. Suppose -4*h + 2*s + 62 = 0, -a*s - 59 = h - 5*h. Calculate the remainder when 29 is divided by h.
13
Let u = 121 - 94. What is the remainder when 132 is divided by u?
24
Suppose -i + 323 = -2*h, -109 - 537 = -2*i + h. Calculate the remainder when i is divided by 9.
8
Suppose -3246*y - 62 = -3247*y. Calculate the remainder when y is divided by 31.
0
Suppose 22 = -f - f. What is the remainder when 155 is divided by f/(-33) - 238/(-6)?
35
Suppose 93 = -5*y + g + 338, -215 = -4*y - 3*g. Calculate the remainder when y is divided by 6*(3 + -2) - 48/(-2) - 0.
20
Suppose 4*c - 27 - 57 = 0. What is the remainder when c is divided by 1/((-7)/168*-8)?
0
Suppose -3*n - 2*m - 26 = -5*n, -3*n - 3*m + 39 = 0. What is the remainder when 232 is divided by n?
11
Suppose 3*l = 0, 0*i - 2*l = 5*i - 125. Calculate the remainder when 98 is divided by i.
23
Suppose t - 10 = -2*z + 7, -5*z + 15 = 0. Let q = -134 - -137. Calculate the remainder when t is divided by q.
2
Suppose -4*c + 345 = -5*t, 0 = -c + t + 87. What is the remainder when c is divided by 31?
28
What is the remainder when 61 is divided by (676/364)/((-1)/(-7))?
9
Calculate the remainder when 369 is divided by 618/10 - ((-102)/(-15) + -7).
59
Suppose 0 = -s - 5*q + 115, -5*s - q + 463 = -4*q. Let g = -25 + s. Calculate the remainder when g is divided by 26.
18
Suppose -9*x + 936 = 15*x. Calculate the remainder when 88 is divided by x.
10
Let d(r) = -r**3 + 10*r**2 - 13*r + 5. Let q be d(9). Let u = 34 + q. Calculate the remainder when 23 is divided by u.
2
Suppose -12*p - 21*p = -462. What is the remainder when 276 is divided by p?
10
What is the remainder when (701 - 3)*14/28 is divided by 35?
34
Suppose -q - 61 = -6*q + 4*d, 0 = -3*q - 3*d + 15. Let w(r) = r**3 + 7*r**2 + 2*r - 8. What is the remainder when w(-6) is divided by q?
7
What is the remainder when 8925/60 + (75/12)/5 is divided by 38?
36
Let w be (-52)/12*(0 - 3). Let y = 16 - w. Suppose -y = -2*m + m. Calculate the remainder when 4 is divided by m.
1
Suppose 3*a - 105 = 3*m, 2*a - 2*m = m + 73. Let h = -24 + a. Suppose h*c + 85 = 9*c. What is the remainder when c is divided by 29?
27
Suppose -d = 2*n - 129, n + 4*d - 3*d - 67 = 0. What is the remainder when n is divided by 8?
6
Suppose -13*q - 103 + 2885 = 0. Calculate the remainder when q is divided by 54.
52
Let s(i) = i**3 - 5*i**2 - 7*i - 1. Let k be s(7). Let b = k - 11. Calculate the remainder when 146 is divided by b.
35
Suppose -7*j + 1920 = j. Suppose -5*r - 75 = -b - 11, -5*r - j = -5*b. What is the remainder when 219 is divided by b?
43
Let g = -166 + 501. Suppose -g = -2*o - 3*o. What is the remainder when o is divided by 18?
13
Let u = -1774 - -1802. What is the remainder when 586 is divided by u?
26
Let s(u) = 2*u**2 + 28*u + 114. Suppose -5*l + 8 = t - l, -2*t + 27 = -3*l. What is the remainder when s(-4) is divided by t?
10
Let a be 8/2*(-27)/(-4). Let h(g) = -3*g**2 - 44*g - 14. Let r be h(-14). Suppose r - a = -u. Calculate the remainder when 50 is divided by u.
11
Let w = 86 + -222. Let y = -72 - w. Calculate the remainder when y is divided by 22.
20
Suppose 5*m - 123 - 252 = -3*l, -3*l = -3*m + 225. Suppose i = 6*i - m. Let o(g) = -41*g + 1. Calculate the remainder when o(-1) is divided by i.
12
Suppose 0 = 15*d - 17*d + 16. What is the remainder when (d/3)/((-17)/(-102)) is divided by 5?
1
Let b(n) = -4*n - 28. Let z be b(-8). What is the remainder when 66 is divided by 5*(12/z + -1)?
6
Calculate the remainder when 6 is divided by (4/(-14))/(2*(-7)/196).
2
Let p be (-6)/27 + ((-173)/(-9) - -1). Suppose y = p + 4. What is the remainder when 94 is divided by y?
22
Let g = -14134 - -14163. What is the remainder when 3*-19*(-2)/2 is divided by g?
28
Suppose 4*c - 3*s + 9 = 28, 17 = 4*c - s. What is the remainder when (12/8)/((-3)/(-18)) is divided by c?
1
Suppose 4*f - 1 = 3*f. Suppose -v = -0*z - z + 20, -v - f = 0. Let t(b) = -9*b - 36. Calculate the remainder when t(-10) is divided by z.
16
Let k(w) = w. Let a(g) = 1 - 3*g - 2 + g - 2*g. Let q(j) = a(j) + 6*k(j). Calculate the remainder when q(15) is divided by 15.
14
Let f(h) = -4*h + 2. Let x be f(3). Let w = 6 + x. What is the remainder when 23 is divided by (112/(-21))/(w/6)?